{"id":137,"date":"2016-12-14T17:26:28","date_gmt":"2016-12-14T17:26:28","guid":{"rendered":"https:\/\/the7.io\/coming-soon-01\/?page_id=137"},"modified":"2024-10-10T08:13:44","modified_gmt":"2024-10-10T08:13:44","slug":"coming-soon-navigation","status":"publish","type":"page","link":"https:\/\/winterdienst-nordhorn.de\/","title":{"rendered":"Coming Soon Navigation"},"content":{"rendered":"<p>[vc_row full_width=&#8220;stretch_row&#8220; full_height=&#8220;yes&#8220; bg_type=&#8220;image&#8220; parallax_style=&#8220;vcpb-default&#8220; bg_image_new=&#8220;id^290|url^https:\/\/winterdienst-nordhorn.de\/wp-content\/uploads\/2022\/11\/Startseite.jpg|caption^null|alt^null|title^Startseite|description^null&#8220; bg_image_repeat=&#8220;no-repeat&#8220; bg_img_attach=&#8220;fixed&#8220; bg_override=&#8220;ex-full&#8220; enable_overlay=&#8220;enable_overlay_value&#8220; overlay_color=&#8220;rgba(0,0,0,0.45)&#8220; type=&#8220;vc_default&#8220; css=&#8220;.vc_custom_1667407283763{background-color: #000000 !important;}&#8220; el_id=&#8220;counter&#8220;][vc_column width=&#8220;5\/6&#8243; css=&#8220;.vc_custom_1511360735758{margin-right: 20px !important;margin-left: 20px !important;border-top-width: 0px !important;border-right-width: 0px !important;border-bottom-width: 0px !important;border-left-width: 0px !important;padding-top: 55px !important;padding-right: 50px !important;padding-bottom: 60px !important;padding-left: 50px !important;background-color: rgba(255,255,255,0.1) !important;*background-color: rgb(255,255,255) !important;border-left-color: #ffffff !important;border-left-style: solid !important;border-right-color: #ffffff !important;border-right-style: solid !important;border-top-color: #ffffff !important;border-top-style: solid !important;border-bottom-color: #ffffff !important;border-bottom-style: solid !important;}&#8220; offset=&#8220;vc_col-lg-offset-2 vc_col-lg-8 vc_col-md-offset-2 vc_col-md-8 vc_col-sm-offset-1&#8243;]<style type=\"text\/css\" data-type=\"the7_shortcodes-inline-css\">.shortcode-single-image-wrap.shortcode-single-image-fca6061f43987386aa39259f9bb4124c.enable-bg-rollover .rollover i,\n.shortcode-single-image-wrap.shortcode-single-image-fca6061f43987386aa39259f9bb4124c.enable-bg-rollover .rollover-video i {\n  background: -webkit-linear-gradient();\n  background: linear-gradient();\n}\n.shortcode-single-image-wrap.shortcode-single-image-fca6061f43987386aa39259f9bb4124c .rollover-icon {\n  font-size: 32px;\n  color: #ffffff;\n  min-width: 44px;\n  min-height: 44px;\n  line-height: 44px;\n  border-radius: 100px;\n  border-style: solid;\n  border-width: 0px;\n}\n.dt-icon-bg-on.shortcode-single-image-wrap.shortcode-single-image-fca6061f43987386aa39259f9bb4124c .rollover-icon {\n  background: rgba(255,255,255,0.3);\n  box-shadow: none;\n}\n<\/style><div class=\"shortcode-single-image-wrap shortcode-single-image-fca6061f43987386aa39259f9bb4124c alignnone  vc_custom_1667407828924 enable-bg-rollover dt-icon-bg-off\" ><div class=\"shortcode-single-image\"><div class=\"fancy-media-wrap  layzr-bg\" style=\"\"><img loading=\"lazy\" decoding=\"async\" class=\"preload-me lazy-load\" src=\"data:image\/svg+xml,%3Csvg%20xmlns%3D&#39;http%3A%2F%2Fwww.w3.org%2F2000%2Fsvg&#39;%20viewBox%3D&#39;0%200%20151%20117&#39;%2F%3E\" data-src=\"https:\/\/winterdienst-nordhorn.de\/wp-content\/uploads\/2022\/11\/logo-150.png\" data-srcset=\"https:\/\/winterdienst-nordhorn.de\/wp-content\/uploads\/2022\/11\/logo-150.png 151w\" width=\"151\" height=\"117\"  data-dt-location=\"https:\/\/winterdienst-nordhorn.de\/index.php\/coming-soon-navigation\/logo-150\/\" style=\"\" alt=\"\" \/><\/div><\/div><\/div><div id=\"ultimate-heading-802669da3f2bc3ae6\" class=\"uvc-heading ult-adjust-bottom-margin ultimate-heading-802669da3f2bc3ae6 uvc-6463 \" data-hspacer=\"no_spacer\"  data-halign=\"center\" style=\"text-align:center\"><div class=\"uvc-heading-spacer no_spacer\" style=\"top\"><\/div><div class=\"uvc-main-heading ult-responsive\"  data-ultimate-target='.uvc-heading.ultimate-heading-802669da3f2bc3ae6 h2'  data-responsive-json-new='{\"font-size\":\"desktop:34px;\",\"line-height\":\"desktop:44px;\"}' ><h2 style=\"--font-weight:theme;color:#ffffff;margin-bottom:15px;\">WINTERDIENST VON E&F RECYCLING<\/h2><\/div><div class=\"uvc-sub-heading ult-responsive\"  data-ultimate-target='.uvc-heading.ultimate-heading-802669da3f2bc3ae6 .uvc-sub-heading '  data-responsive-json-new='{\"font-size\":\"desktop:16px;\",\"line-height\":\"desktop:28px;\"}'  style=\"font-weight:normal;color:#ffffff;margin-bottom:45px;\"><strong>Sicher durch die kalte Jahreszeit<\/strong><\/p>\n<p>WINTERDIENST VOM PROFI.<br \/>\nWir bieten Ihnen alle Hauptleistungen und Zusatzoptionen rund um die R\u00e4um- und Streupflicht. Nat\u00fcrlich unter Einhaltung Ihrer \u00f6rtlichen Satzung.<\/div><\/div>\n\t\t\t<div class=\"ult_dual_button  vc_custom_1667408215176 ult-adjust-bottom-margin to-center  anchor-link\"  data-response=\"on\" id=\"ult_btn_2702413637\">\n\n\t\t\t<div id=\"dualbtn-1462\" class=\"ulitmate_dual_buttons ult-dual-btn ult_main_dualbtn \" data-bcolor=\"#ffffff\"data-bhcolor=\"\">\n\n\t\t\t<div class=\"ult_dualbutton-wrapper btn-inline place-template bt1 \"><a href=\"#!\/subscribe\"  class=\"ult_ivan_button round-square with-icon icon-before with-text place-template ult_dual1\" style=\";margin-right:px;;background-color:rgba(0,0,0,0.01) !important;; border-color:#ffffff;border-style:solid;border-width:2px;border-radius:100px;width:200px;;\">\n\t\t\t<span class=\"ult-dual-btn-1 Style 1\" style=\"\"  data-bgcolor=\"rgba(0,0,0,0.01)\" data-bghovercolor=\"rgba(255,255,255,0.2)\" data-icon_color=\"#333333\" data-icon_hover_color=\"#333333\" data-textcolor=\"#ffffff\" data-texthovercolor=\"#ffffff\" data-iconbgcolor=\"transperent\" data-iconbghovercolor=\"transperent\" data-iconborder=\"transperent\" data-iconhoverborder=\"transperent\" >\n\t\t\t<span class=\"icon-simple icon-left1 ult_btn1span ult-dual-btn-no-icon\"  style=\";padding-left:0px; \"><\/span>\n\t\t\t<span class=\"text-btn ult-dual-button-title ult-responsive\"  data-ultimate-target='#dualbtn-1462 .ult-dual-button-title'  data-responsive-json-new='{\"font-size\":\"desktop:16px;\",\"line-height\":\"desktop:26px;\"}'  style=\"font-family:Roboto;font-weight:700;color:#ffffff;\">Leistungen<\/span>\n\n\t\t\t<\/span>\n\t\t\t<\/a><span class=\"middle-text\" style=\"line-height: 1.8em;color:#111111;background-color:#ffffff;border-width:0px;\">\n\t\t\t<span class=\"middle-inner\"  >oder<\/span>\n\t\t\t<\/span>\n\n\t\t\t<\/div>\n\n\t\t\t<div class=\"ult_dualbutton-wrapper btn-inline place-template btn2 \"><a href=\"#!\/contact\"  class=\"ult_ivan_button round-square with-icon icon-after with-text place-template ult_dual2\"  style=\";background-color:rgba(0,0,0,0.01) !important;;margin-left:px;;border-color:#ffffff;border-style:solid;border-width:2px;border-radius:100px;width:200px;\">\n\t\t\t<span class=\"ult-dual-btn-2 Style 1\"  data-bgcolor=\"rgba(0,0,0,0.01)\" data-bghovercolor=\"rgba(255,255,255,0.2)\" data-icon_color=\"#333333\" data-icon_hover_color=\"#333333\" data-textcolor=\"#ffffff\" data-texthovercolor=\"#ffffff\" data-iconbgcolor=\"transperent\" data-iconbghovercolor=\"transperent\" data-iconborder=\"transperent\" data-iconhoverborder=\"transperent\" >\n\t\t\t<span class=\"text-btn ult-dual-button-title\" style=\"font-family:Roboto;font-weight:700;color:#ffffff;\">Kontakt<\/span>\n\n\t\t\t<span class=\"icon-simple icon-right2 ult_btn1span ult-dual-btn-no-icon\"  style=\";padding-left:0px; \"><\/span>\n\t\t\t<\/span>\n\t\t\t<\/a><\/div>\n\t\t\t<\/div>\n\t\t\t<\/div>[\/vc_column][\/vc_row][vc_row full_width=&#8220;stretch_row&#8220; full_height=&#8220;yes&#8220; bg_type=&#8220;image&#8220; parallax_style=&#8220;vcpb-default&#8220; bg_image_new=&#8220;id^288|url^https:\/\/winterdienst-nordhorn.de\/wp-content\/uploads\/2022\/11\/Kontakt.jpg|caption^null|alt^null|title^Kontakt|description^null&#8220; bg_image_repeat=&#8220;no-repeat&#8220; bg_img_attach=&#8220;fixed&#8220; bg_override=&#8220;ex-full&#8220; enable_overlay=&#8220;enable_overlay_value&#8220; overlay_color=&#8220;rgba(0,0,0,0.45)&#8220; type=&#8220;vc_default&#8220; css=&#8220;.vc_custom_1667407522934{background-color: #000000 !important;}&#8220; el_id=&#8220;subscribe&#8220;][vc_column width=&#8220;5\/6&#8243; css=&#8220;.vc_custom_1511360728242{margin-right: 20px !important;margin-left: 20px !important;border-top-width: 0px !important;border-right-width: 0px !important;border-bottom-width: 0px !important;border-left-width: 0px !important;padding-top: 55px !important;padding-right: 50px !important;padding-bottom: 68px !important;padding-left: 50px !important;background-color: rgba(255,255,255,0.1) !important;*background-color: rgb(255,255,255) !important;border-left-color: #ffffff !important;border-left-style: solid !important;border-right-color: #ffffff !important;border-right-style: solid !important;border-top-color: #ffffff !important;border-top-style: solid !important;border-bottom-color: #ffffff !important;border-bottom-style: solid !important;}&#8220; offset=&#8220;vc_col-lg-offset-2 vc_col-lg-8 vc_col-md-offset-2 vc_col-md-8 vc_col-sm-offset-1&#8243; el_class=&#8220;text-centered&#8220;]<div id=\"ultimate-heading-356369da3f2bc3ba1\" class=\"uvc-heading ult-adjust-bottom-margin ultimate-heading-356369da3f2bc3ba1 uvc-9621 accent-border-color\" data-hspacer=\"line_only\"  data-halign=\"center\" style=\"text-align:center\"><div class=\"uvc-main-heading ult-responsive\"  data-ultimate-target='.uvc-heading.ultimate-heading-356369da3f2bc3ba1 h2'  data-responsive-json-new='{\"font-size\":\"desktop:34px;\",\"line-height\":\"desktop:44px;\"}' ><h2 style=\"--font-weight:theme;color:#ffffff;margin-bottom:10px;\">LEISTUNGEN<\/h2><\/div><div class=\"uvc-heading-spacer line_only\" style=\"margin-bottom:30px;height:3px;\"><span class=\"uvc-headings-line\" style=\"border-style:solid;border-bottom-width:3px;border-color:#ccc;width:80px;\"><\/span><\/div><div class=\"uvc-sub-heading ult-responsive\"  data-ultimate-target='.uvc-heading.ultimate-heading-356369da3f2bc3ba1 .uvc-sub-heading '  data-responsive-json-new='{\"font-size\":\"desktop:16px;\",\"line-height\":\"desktop:28px;\"}'  style=\"font-weight:normal;color:#ffffff;margin-bottom:40px;\"><\/p>\n<p style=\"text-align: left;\">Zuverl\u00e4ssig &amp; Sicher durch den Winter mit uns! F\u00fcr sichere Stra\u00dfen, Gehwege und Parkpl\u00e4tze.<\/p>\n<ul style=\"text-align: left;\">\n<li style=\"text-align: left;\">SCHNEEBESEITIGUNG<br \/>\nWegger\u00e4umte Schneemassen brauchen Platz. Platz, den Sie auf Ihrem Betriebsge-l\u00e4nde nicht haben?<\/li>\n<li>SCHNEER\u00c4UMUNG<br \/>\nBei der Schneer\u00e4umung achten wir darauf, dass die entstandenen Schneemengen Ihre betrieblichen Abl\u00e4ufe nicht st\u00f6ren.<\/li>\n<li>STREUDIENST<br \/>\nZur Beseitigung von Glatteis verwenden wir je nach Bedarf und Bodenbeschaffenheit l\u00f6sende Substanzen oder Streug\u00fcter.<\/li>\n<li>SCHWARZR\u00c4UMUNG<br \/>\nSchwarzer Asphalt statt wei\u00dfer Schneede-cke? Kein Problem. Wir beseitigen Eis und Schnee f\u00fcr Sie mit unserer sogenannten Schwarzr\u00e4umung.<\/li>\n<\/ul>\n<p><\/div><\/div>[\/vc_column][\/vc_row][vc_row full_width=&#8220;stretch_row&#8220; full_height=&#8220;yes&#8220; bg_type=&#8220;image&#8220; parallax_style=&#8220;vcpb-default&#8220; bg_image_new=&#8220;id^289|url^https:\/\/winterdienst-nordhorn.de\/wp-content\/uploads\/2022\/11\/Snow.jpg|caption^null|alt^null|title^Snow|description^null&#8220; bg_image_repeat=&#8220;no-repeat&#8220; bg_img_attach=&#8220;fixed&#8220; bg_override=&#8220;ex-full&#8220; enable_overlay=&#8220;enable_overlay_value&#8220; overlay_color=&#8220;rgba(0,0,0,0.45)&#8220; type=&#8220;vc_default&#8220; css=&#8220;.vc_custom_1667408056863{background-color: #000000 !important;}&#8220; el_id=&#8220;vorgaben&#8220;][vc_column width=&#8220;5\/6&#8243; css=&#8220;.vc_custom_1511360728242{margin-right: 20px !important;margin-left: 20px !important;border-top-width: 0px !important;border-right-width: 0px !important;border-bottom-width: 0px !important;border-left-width: 0px !important;padding-top: 55px !important;padding-right: 50px !important;padding-bottom: 68px !important;padding-left: 50px !important;background-color: rgba(255,255,255,0.1) !important;*background-color: rgb(255,255,255) !important;border-left-color: #ffffff !important;border-left-style: solid !important;border-right-color: #ffffff !important;border-right-style: solid !important;border-top-color: #ffffff !important;border-top-style: solid !important;border-bottom-color: #ffffff !important;border-bottom-style: solid !important;}&#8220; offset=&#8220;vc_col-lg-offset-2 vc_col-lg-8 vc_col-md-offset-2 vc_col-md-8 vc_col-sm-offset-1&#8243; el_class=&#8220;text-centered&#8220;]<div id=\"ultimate-heading-301469da3f2bc3bca\" class=\"uvc-heading ult-adjust-bottom-margin ultimate-heading-301469da3f2bc3bca uvc-1257 accent-border-color\" data-hspacer=\"line_only\"  data-halign=\"center\" style=\"text-align:center\"><div class=\"uvc-main-heading ult-responsive\"  data-ultimate-target='.uvc-heading.ultimate-heading-301469da3f2bc3bca h2'  data-responsive-json-new='{\"font-size\":\"desktop:34px;\",\"line-height\":\"desktop:44px;\"}' ><h2 style=\"--font-weight:theme;color:#ffffff;margin-bottom:10px;\">GESETZLICHE VORGABEN<\/h2><\/div><div class=\"uvc-heading-spacer line_only\" style=\"margin-bottom:30px;height:3px;\"><span class=\"uvc-headings-line\" style=\"border-style:solid;border-bottom-width:3px;border-color:#ccc;width:80px;\"><\/span><\/div><div class=\"uvc-sub-heading ult-responsive\"  data-ultimate-target='.uvc-heading.ultimate-heading-301469da3f2bc3bca .uvc-sub-heading '  data-responsive-json-new='{\"font-size\":\"desktop:16px;\",\"line-height\":\"desktop:28px;\"}'  style=\"font-weight:normal;color:#ffffff;margin-bottom:40px;\"><\/p>\n<p style=\"text-align: left;\">BETRIEBSFL\u00c4CHEN VOM WINTERDIENST R\u00c4UMEN<br \/>\n-GEWERBE UND INDUSTRIEOBJEKTE<\/p>\n<p style=\"text-align: left;\">Die gesetzlichen Vorgaben zur R\u00e4umung von Schnee und Beseitigung von Glatteis sind sehr streng.<\/p>\n<p style=\"text-align: left;\">Gerade im gewerblichen Bereich mit hohem Verkehrsaufkommen muss eine uneingeschr\u00e4nkte Verkehrssicherheit gegeben sein.<\/p>\n<p style=\"text-align: left;\">Deshalb ist der Einsatz eines Winterdienstes auf Ihrem Industriegel\u00e4nde oder gewerblichen Fl\u00e4che unerl\u00e4sslich.<\/p>\n<p style=\"text-align: left;\">Den Einsatz von Streumitteln sprechen wir selbstverst\u00e4ndlich mit Ihnen ab, um eine umweltgerechte und effiziente L\u00f6sung zu finden.<\/p>\n<p style=\"text-align: left;\">Wir sind Ihr zuverl\u00e4ssiger Partner f\u00fcr die witterungsabh\u00e4ngige Betreuung Ihrer gewerblichen oder industriellen Immobilie mitsamt Gel\u00e4nde.<\/p>\n<p style=\"text-align: left;\">&#8211; Wir halten Ihr Grundst\u00fcck Schneefrei<br \/>\nPlanen Sie mit uns. Fragen Sie Ihn unverbindliches Angebot an.<br \/>\nSchwarzer Asphalt statt wei\u00dfer Schneedecke? Kein Problem. Wir beseitigen Eis und Schnee f\u00fcr Sie mit unserer sogenannten Schwarzr\u00e4umung.<\/p>\n<p><\/div><\/div>[\/vc_column][\/vc_row][vc_row full_width=&#8220;stretch_row&#8220; full_height=&#8220;yes&#8220; bg_type=&#8220;image&#8220; parallax_style=&#8220;vcpb-default&#8220; bg_image_new=&#8220;id^298|url^https:\/\/winterdienst-nordhorn.de\/wp-content\/uploads\/2022\/11\/contakt.jpg|caption^null|alt^null|title^contakt|description^null&#8220; bg_image_repeat=&#8220;no-repeat&#8220; bg_img_attach=&#8220;fixed&#8220; bg_override=&#8220;ex-full&#8220; enable_overlay=&#8220;enable_overlay_value&#8220; overlay_color=&#8220;rgba(0,0,0,0.45)&#8220; type=&#8220;vc_default&#8220; css=&#8220;.vc_custom_1667408149889{background-color: #000000 !important;}&#8220; el_id=&#8220;contact&#8220;][vc_column width=&#8220;5\/6&#8243; css=&#8220;.vc_custom_1511360697431{margin-right: 20px !important;margin-left: 20px !important;border-top-width: 0px !important;border-right-width: 0px !important;border-bottom-width: 0px !important;border-left-width: 0px !important;padding-top: 55px !important;padding-right: 50px !important;padding-bottom: 0px !important;padding-left: 50px !important;background-color: rgba(255,255,255,0.1) !important;*background-color: rgb(255,255,255) !important;border-left-color: #ffffff !important;border-left-style: solid !important;border-right-color: #ffffff !important;border-right-style: solid !important;border-top-color: #ffffff !important;border-top-style: solid !important;border-bottom-color: #ffffff !important;border-bottom-style: solid !important;}&#8220; offset=&#8220;vc_col-lg-offset-2 vc_col-lg-8 vc_col-md-offset-2 vc_col-md-8 vc_col-sm-offset-1&#8243;]<div id=\"ultimate-heading-260769da3f2bc3bef\" class=\"uvc-heading ult-adjust-bottom-margin ultimate-heading-260769da3f2bc3bef uvc-8634 accent-border-color\" data-hspacer=\"line_only\"  data-halign=\"center\" style=\"text-align:center\"><div class=\"uvc-main-heading ult-responsive\"  data-ultimate-target='.uvc-heading.ultimate-heading-260769da3f2bc3bef h2'  data-responsive-json-new='{\"font-size\":\"desktop:34px;\",\"line-height\":\"desktop:44px;\"}' ><h2 style=\"--font-weight:theme;color:#ffffff;margin-bottom:10px;\">IHR DIREKTER DRAHT ZU UNS<\/h2><\/div><div class=\"uvc-heading-spacer line_only\" style=\"margin-bottom:60px;height:3px;\"><span class=\"uvc-headings-line\" style=\"border-style:solid;border-bottom-width:3px;border-color:#ccc;width:80px;\"><\/span><\/div><div class=\"uvc-sub-heading ult-responsive\"  data-ultimate-target='.uvc-heading.ultimate-heading-260769da3f2bc3bef .uvc-sub-heading '  data-responsive-json-new='{\"font-size\":\"desktop:16px;\",\"line-height\":\"desktop:28px;\"}'  style=\"font-weight:normal;color:#ffffff;\"><strong>BERATUNG ODER ANGEBOT ANFRAGE<\/strong><\/p>\n<p>Lassen Sie sich von unseren ma\u00dfgeschneiderten L\u00f6sungen \u00fcberzeugen. Wir erstellen Ihnen ein unverbindliches Angebot vor Ort.<\/p>\n<p>Ihre Fragen oder Ihr Anliegen sind nicht richtig beantwortet? Dann rufen Sie uns an.<\/div><\/div>[vc_row_inner content_placement=&#8220;middle&#8220; css=&#8220;.vc_custom_1667408282553{margin-bottom: 50px !important;}&#8220;][vc_column_inner]<div class=\"aio-icon-component  vc_custom_1667407657625   style_1\"><div id=\"Info-box-wrap-4044\" class=\"aio-icon-box default-icon\" style=\"\"  ><div class=\"aio-icon-header\" ><h3 class=\"aio-icon-title ult-responsive\"  data-ultimate-target='#Info-box-wrap-4044 .aio-icon-title'  data-responsive-json-new='{\"font-size\":\"desktop:13px;\",\"line-height\":\"desktop:15px;\"}'  style=\"font-weight:bold;color:rgba(255,255,255,0.5);\">Telefon<\/h3><\/div> <!-- header --><div class=\"aio-icon-description ult-responsive\"  data-ultimate-target='#Info-box-wrap-4044 .aio-icon-description'  data-responsive-json-new='{\"font-size\":\"desktop:24px;\",\"line-height\":\"desktop:26px;\"}'  style=\"color:#ffffff;\">+49 152 03980457<\/div> <!-- description --><\/div> <!-- aio-icon-box --><\/div> <!-- aio-icon-component --><div class=\"aio-icon-component  vc_custom_1667407670004   style_1\"><div id=\"Info-box-wrap-7999\" class=\"aio-icon-box default-icon\" style=\"\"  ><div class=\"aio-icon-header\" ><h3 class=\"aio-icon-title ult-responsive\"  data-ultimate-target='#Info-box-wrap-7999 .aio-icon-title'  data-responsive-json-new='{\"font-size\":\"desktop:13px;\",\"line-height\":\"desktop:15px;\"}'  style=\"font-weight:bold;color:rgba(255,255,255,0.5);\">E-Mail<\/h3><\/div> <!-- header --><div class=\"aio-icon-description ult-responsive\"  data-ultimate-target='#Info-box-wrap-7999 .aio-icon-description'  data-responsive-json-new='{\"font-size\":\"desktop:16px;\",\"line-height\":\"desktop:26px;\"}'  style=\"color:#ffffff;\">info@winterdienst-nordhorn.de<\/div> <!-- description --><\/div> <!-- aio-icon-box --><\/div> <!-- aio-icon-component --><div class=\"aio-icon-component  vc_custom_1667407681341   style_1\"><div id=\"Info-box-wrap-1418\" class=\"aio-icon-box default-icon\" style=\"\"  ><div class=\"aio-icon-header\" ><h3 class=\"aio-icon-title ult-responsive\"  data-ultimate-target='#Info-box-wrap-1418 .aio-icon-title'  data-responsive-json-new='{\"font-size\":\"desktop:13px;\",\"line-height\":\"desktop:15px;\"}'  style=\"font-weight:bold;color:rgba(255,255,255,0.5);\">Anschrift<\/h3><\/div> <!-- header --><div class=\"aio-icon-description ult-responsive\"  data-ultimate-target='#Info-box-wrap-1418 .aio-icon-description'  data-responsive-json-new='{\"font-size\":\"desktop:16px;\",\"line-height\":\"desktop:26px;\"}'  style=\"color:#ffffff;\">Karl-Braun-Stra\u00dfe 98<br \/>\n48527 Nordhorn<\/div> <!-- description --><\/div> <!-- aio-icon-box --><\/div> <!-- aio-icon-component -->[\/vc_column_inner][\/vc_row_inner][\/vc_column][\/vc_row]<\/p>\n","protected":false},"excerpt":{"rendered":"<p>[vc_row full_width=&#8220;stretch_row&#8220; full_height=&#8220;yes&#8220; bg_type=&#8220;image&#8220; parallax_style=&#8220;vcpb-default&#8220; bg_image_new=&#8220;id^290|url^https:\/\/winterdienst-nordhorn.de\/wp-content\/uploads\/2022\/11\/Startseite.jpg|caption^null|alt^null|title^Startseite|description^null&#8220; bg_image_repeat=&#8220;no-repeat&#8220; bg_img_attach=&#8220;fixed&#8220; bg_override=&#8220;ex-full&#8220; enable_overlay=&#8220;enable_overlay_value&#8220; overlay_color=&#8220;rgba(0,0,0,0.45)&#8220; type=&#8220;vc_default&#8220; css=&#8220;.vc_custom_1667407283763{background-color: #000000 !important;}&#8220; el_id=&#8220;counter&#8220;][vc_column width=&#8220;5\/6&#8243; css=&#8220;.vc_custom_1511360735758{margin-right: 20px !important;margin-left: 20px !important;border-top-width: 0px !important;border-right-width: 0px !important;border-bottom-width: 0px !important;border-left-width: 0px !important;padding-top: 55px !important;padding-right: 50px !important;padding-bottom: 60px !important;padding-left: 50px !important;background-color: rgba(255,255,255,0.1) !important;*background-color: rgb(255,255,255) !important;border-left-color: #ffffff !important;border-left-style: solid !important;border-right-color: #ffffff !important;border-right-style: solid !important;border-top-color: #ffffff !important;border-top-style: solid !important;border-bottom-color: #ffffff&hellip;<\/p>\n","protected":false},"author":1,"featured_media":0,"parent":0,"menu_order":0,"comment_status":"closed","ping_status":"closed","template":"template-microsite.php","meta":{"footnotes":""},"class_list":["post-137","page","type-page","status-publish","hentry","description-off"],"_links":{"self":[{"href":"https:\/\/winterdienst-nordhorn.de\/index.php\/wp-json\/wp\/v2\/pages\/137","targetHints":{"allow":["GET"]}}],"collection":[{"href":"https:\/\/winterdienst-nordhorn.de\/index.php\/wp-json\/wp\/v2\/pages"}],"about":[{"href":"https:\/\/winterdienst-nordhorn.de\/index.php\/wp-json\/wp\/v2\/types\/page"}],"author":[{"embeddable":true,"href":"https:\/\/winterdienst-nordhorn.de\/index.php\/wp-json\/wp\/v2\/users\/1"}],"replies":[{"embeddable":true,"href":"https:\/\/winterdienst-nordhorn.de\/index.php\/wp-json\/wp\/v2\/comments?post=137"}],"version-history":[{"count":12,"href":"https:\/\/winterdienst-nordhorn.de\/index.php\/wp-json\/wp\/v2\/pages\/137\/revisions"}],"predecessor-version":[{"id":305,"href":"https:\/\/winterdienst-nordhorn.de\/index.php\/wp-json\/wp\/v2\/pages\/137\/revisions\/305"}],"wp:attachment":[{"href":"https:\/\/winterdienst-nordhorn.de\/index.php\/wp-json\/wp\/v2\/media?parent=137"}],"curies":[{"name":"wp","href":"https:\/\/api.w.org\/{rel}","templated":true}]}}